[INFO] cloning repository https://github.com/tscs37/flathunter-rs
[INFO] running `Command { std: "git" "-c" "credential.helper=" "-c" "credential.helper=/workspace/cargo-home/bin/git-credential-null" "clone" "--bare" "https://github.com/tscs37/flathunter-rs" "/workspace/cache/git-repos/https%3A%2F%2Fgithub.com%2Ftscs37%2Fflathunter-rs", kill_on_drop: false }`
[INFO] [stderr] Cloning into bare repository '/workspace/cache/git-repos/https%3A%2F%2Fgithub.com%2Ftscs37%2Fflathunter-rs'...
[INFO] running `Command { std: "git" "rev-parse" "HEAD", kill_on_drop: false }`
[INFO] [stdout] 462ca6618d0dd2e27ce6f7b3e871a7ea27118dec
[INFO] checking tscs37/flathunter-rs against master#cfbc6d4cf1acbac5c025acf8ed68929caa551df3 for pr-75494-beta
[INFO] running `Command { std: "git" "clone" "/workspace/cache/git-repos/https%3A%2F%2Fgithub.com%2Ftscs37%2Fflathunter-rs" "/workspace/builds/worker-8/source", kill_on_drop: false }`
[INFO] [stderr] Cloning into '/workspace/builds/worker-8/source'...
[INFO] [stderr] done.
[INFO] validating manifest of git repo https://github.com/tscs37/flathunter-rs on toolchain cfbc6d4cf1acbac5c025acf8ed68929caa551df3
[INFO] running `Command { std: "/workspace/cargo-home/bin/cargo" "+cfbc6d4cf1acbac5c025acf8ed68929caa551df3" "read-manifest" "--manifest-path" "Cargo.toml", kill_on_drop: false }`
[INFO] started tweaking git repo https://github.com/tscs37/flathunter-rs
[INFO] finished tweaking git repo https://github.com/tscs37/flathunter-rs
[INFO] tweaked toml for git repo https://github.com/tscs37/flathunter-rs written to /workspace/builds/worker-8/source/Cargo.toml
[INFO] crate git repo https://github.com/tscs37/flathunter-rs already has a lockfile, it will not be regenerated
[INFO] running `Command { std: "/workspace/cargo-home/bin/cargo" "+cfbc6d4cf1acbac5c025acf8ed68929caa551df3" "fetch" "--locked" "--manifest-path" "Cargo.toml", kill_on_drop: false }`
[INFO] [stderr]  Downloading crates ...
[INFO] [stderr]   Downloaded human-panic v1.0.1
[INFO] [stderr]   Downloaded rust_decimal v1.0.1
[INFO] [stderr]   Downloaded os_type v2.2.0
[INFO] running `Command { std: "docker" "create" "-v" "/var/lib/crater-agent-workspace/builds/worker-8/target:/opt/rustwide/target:rw,Z" "-v" "/var/lib/crater-agent-workspace/builds/worker-8/source:/opt/rustwide/workdir:ro,Z" "-v" "/var/lib/crater-agent-workspace/cargo-home:/opt/rustwide/cargo-home:ro,Z" "-v" "/var/lib/crater-agent-workspace/rustup-home:/opt/rustwide/rustup-home:ro,Z" "-e" "SOURCE_DIR=/opt/rustwide/workdir" "-e" "CARGO_TARGET_DIR=/opt/rustwide/target" "-e" "CARGO_HOME=/opt/rustwide/cargo-home" "-e" "RUSTUP_HOME=/opt/rustwide/rustup-home" "-w" "/opt/rustwide/workdir" "-m" "1610612736" "--user" "0:0" "--network" "none" "rustops/crates-build-env@sha256:a636fd89d022f18117e1dc8fb37a0a009933cdbbe082814857f0e2024962d47c" "/opt/rustwide/cargo-home/bin/cargo" "+cfbc6d4cf1acbac5c025acf8ed68929caa551df3" "metadata" "--no-deps" "--format-version=1", kill_on_drop: false }`
[INFO] [stdout] d07c033884404f2408b87690be4864c70faffc13566f7be1034fff44a0e96022
[INFO] [stderr] WARNING: Your kernel does not support swap limit capabilities or the cgroup is not mounted. Memory limited without swap.
[INFO] running `Command { std: "docker" "start" "-a" "d07c033884404f2408b87690be4864c70faffc13566f7be1034fff44a0e96022", kill_on_drop: false }`
[INFO] running `Command { std: "docker" "inspect" "d07c033884404f2408b87690be4864c70faffc13566f7be1034fff44a0e96022", kill_on_drop: false }`
[INFO] running `Command { std: "docker" "rm" "-f" "d07c033884404f2408b87690be4864c70faffc13566f7be1034fff44a0e96022", kill_on_drop: false }`
[INFO] [stdout] d07c033884404f2408b87690be4864c70faffc13566f7be1034fff44a0e96022
[INFO] running `Command { std: "docker" "create" "-v" "/var/lib/crater-agent-workspace/builds/worker-8/target:/opt/rustwide/target:rw,Z" "-v" "/var/lib/crater-agent-workspace/builds/worker-8/source:/opt/rustwide/workdir:ro,Z" "-v" "/var/lib/crater-agent-workspace/cargo-home:/opt/rustwide/cargo-home:ro,Z" "-v" "/var/lib/crater-agent-workspace/rustup-home:/opt/rustwide/rustup-home:ro,Z" "-e" "SOURCE_DIR=/opt/rustwide/workdir" "-e" "CARGO_TARGET_DIR=/opt/rustwide/target" "-e" "CARGO_INCREMENTAL=0" "-e" "RUST_BACKTRACE=full" "-e" "RUSTFLAGS=--cap-lints=forbid" "-e" "CARGO_HOME=/opt/rustwide/cargo-home" "-e" "RUSTUP_HOME=/opt/rustwide/rustup-home" "-w" "/opt/rustwide/workdir" "-m" "1610612736" "--user" "0:0" "--network" "none" "rustops/crates-build-env@sha256:a636fd89d022f18117e1dc8fb37a0a009933cdbbe082814857f0e2024962d47c" "/opt/rustwide/cargo-home/bin/cargo" "+cfbc6d4cf1acbac5c025acf8ed68929caa551df3" "check" "--frozen" "--all" "--all-targets" "--message-format=json", kill_on_drop: false }`
[INFO] [stderr] WARNING: Your kernel does not support swap limit capabilities or the cgroup is not mounted. Memory limited without swap.
[INFO] [stdout] 6e97c52f57960a10844bfeadc46ab972e51a0507390cef32897fe060c0f9c716
[INFO] running `Command { std: "docker" "start" "-a" "6e97c52f57960a10844bfeadc46ab972e51a0507390cef32897fe060c0f9c716", kill_on_drop: false }`
[INFO] [stderr]    Compiling version_check v0.1.5
[INFO] [stderr]     Checking lazy_static v1.3.0
[INFO] [stderr]    Compiling syn v0.15.38
[INFO] [stderr]     Checking futures v0.1.27
[INFO] [stderr]    Compiling serde v1.0.93
[INFO] [stderr]    Compiling memchr v2.2.0
[INFO] [stderr]     Checking itoa v0.4.4
[INFO] [stderr]    Compiling string_cache_shared v0.3.0
[INFO] [stderr]     Checking siphasher v0.2.3
[INFO] [stderr]    Compiling regex v1.1.7
[INFO] [stderr]     Checking memoffset v0.2.1
[INFO] [stderr]    Compiling unicode-xid v0.0.4
[INFO] [stderr]    Compiling httparse v1.3.3
[INFO] [stderr]    Compiling num-bigint v0.2.2
[INFO] [stderr]     Checking new_debug_unreachable v1.0.3
[INFO] [stderr]     Checking mac v0.1.1
[INFO] [stderr]    Compiling quote v0.3.15
[INFO] [stderr]    Compiling rustc-serialize v0.3.24
[INFO] [stderr]     Checking indexmap v1.0.2
[INFO] [stderr]    Compiling native-tls v0.2.3
[INFO] [stderr]     Checking lazy_static v0.2.11
[INFO] [stderr]     Checking try-lock v0.2.2
[INFO] [stderr]     Checking adler32 v1.0.3
[INFO] [stderr]    Compiling crc32fast v1.2.0
[INFO] [stderr]     Checking precomputed-hash v0.1.1
[INFO] [stderr]     Checking dtoa v0.4.4
[INFO] [stderr]     Checking openssl-probe v0.1.2
[INFO] [stderr]     Checking bit-vec v0.4.4
[INFO] [stderr]     Checking remove_dir_all v0.5.2
[INFO] [stderr]     Checking linked-hash-map v0.5.2
[INFO] [stderr]     Checking log v0.4.6
[INFO] [stderr]    Compiling num-traits v0.2.8
[INFO] [stderr]    Compiling backtrace-sys v0.1.28
[INFO] [stderr]    Compiling num-integer v0.1.41
[INFO] [stderr]    Compiling backtrace v0.3.31
[INFO] [stderr]    Compiling num-rational v0.2.2
[INFO] [stderr]    Compiling num-complex v0.2.3
[INFO] [stderr]    Compiling num-iter v0.1.39
[INFO] [stderr]    Compiling miniz_oxide_c_api v0.2.1
[INFO] [stderr]    Compiling rand_core v0.3.1
[INFO] [stderr]     Checking itertools v0.8.0
[INFO] [stderr]    Compiling openssl-sys v0.9.47
[INFO] [stderr]     Checking regex-syntax v0.6.7
[INFO] [stderr]     Checking unreachable v0.1.1
[INFO] [stderr]     Checking crossbeam-utils v0.6.5
[INFO] [stderr]     Checking thread_local v0.3.6
[INFO] [stderr]     Checking tokio-trace-core v0.2.0
[INFO] [stderr]    Compiling synom v0.11.3
[INFO] [stderr]     Checking futf v0.1.4
[INFO] [stderr]     Checking miniz_oxide v0.2.1
[INFO] [stderr]    Compiling unicase v1.4.2
[INFO] [stderr]    Compiling error-chain v0.12.1
[INFO] [stderr]    Compiling unicase v2.4.0
[INFO] [stderr]     Checking bit-set v0.4.0
[INFO] [stderr]     Checking log v0.3.9
[INFO] [stderr]     Checking fern v0.5.8
[INFO] [stderr]    Compiling proc-macro2 v0.4.30
[INFO] [stderr]     Checking yaml-rust v0.4.3
[INFO] [stderr]     Checking rand_isaac v0.1.1
[INFO] [stderr]     Checking rand_xorshift v0.1.1
[INFO] [stderr]     Checking rand_hc v0.1.0
[INFO] [stderr]     Checking idna v0.1.5
[INFO] [stderr]     Checking debug_unreachable v0.1.1
[INFO] [stderr]     Checking tendril v0.3.1
[INFO] [stderr]     Checking rand v0.4.6
[INFO] [stderr]     Checking signal-hook-registry v1.0.1
[INFO] [stderr]    Compiling rand_chacha v0.1.1
[INFO] [stderr]     Checking crossbeam-queue v0.1.2
[INFO] [stderr]    Compiling syn v0.11.11
[INFO] [stderr]     Checking base64 v0.10.1
[INFO] [stderr]     Checking crossbeam-epoch v0.7.1
[INFO] [stderr]    Compiling quote v0.6.12
[INFO] [stderr]     Checking bytes v0.4.12
[INFO] [stderr]     Checking mio v0.6.19
[INFO] [stderr]     Checking url v1.7.2
[INFO] [stderr]     Checking tokio-executor v0.1.7
[INFO] [stderr]     Checking tokio-sync v0.1.6
[INFO] [stderr]     Checking futures-cpupool v0.1.8
[INFO] [stderr]     Checking want v0.0.6
[INFO] [stderr]     Checking signal-hook v0.1.9
[INFO] [stderr]     Checking rand v0.6.5
[INFO] [stderr]     Checking aho-corasick v0.7.3
[INFO] [stderr]     Checking crossbeam-deque v0.7.1
[INFO] [stderr]     Checking tokio-timer v0.2.11
[INFO] [stderr]     Checking tokio-current-thread v0.1.6
[INFO] [stderr]     Checking uuid v0.6.5
[INFO] [stderr]     Checking tempdir v0.3.7
[INFO] [stderr]    Compiling openssl v0.10.23
[INFO] [stderr]     Checking tokio-io v0.1.12
[INFO] [stderr]     Checking http v0.1.17
[INFO] [stderr]     Checking tokio-buf v0.1.1
[INFO] [stderr]     Checking string v0.2.0
[INFO] [stderr]     Checking phf_shared v0.7.24
[INFO] [stderr]     Checking mime v0.3.13
[INFO] [stderr]     Checking flate2 v1.0.9
[INFO] [stderr]     Checking cookie v0.12.0
[INFO] [stderr]     Checking phf v0.7.24
[INFO] [stderr]     Checking chrono v0.4.7
[INFO] [stderr]     Checking parking_lot_core v0.4.0
[INFO] [stderr]     Checking tokio-threadpool v0.1.14
[INFO] [stderr]     Checking uuid v0.7.4
[INFO] [stderr]    Compiling phf_generator v0.7.24
[INFO] [stderr]    Compiling phf_codegen v0.7.24
[INFO] [stderr]    Compiling string_cache_codegen v0.4.2
[INFO] [stderr]     Checking parking_lot v0.7.1
[INFO] [stderr]    Compiling mime_guess v2.0.0-alpha.6
[INFO] [stderr]     Checking tokio-reactor v0.1.9
[INFO] [stderr]    Compiling string_cache v0.6.2
[INFO] [stderr]    Compiling markup5ever v0.3.2
[INFO] [stderr]     Checking publicsuffix v1.5.2
[INFO] [stderr]     Checking os_type v2.2.0
[INFO] [stderr]     Checking tokio-tcp v0.1.3
[INFO] [stderr]    Compiling html5ever v0.18.0
[INFO] [stderr]     Checking tokio v0.1.21
[INFO] [stderr]     Checking num v0.2.0
[INFO] [stderr]     Checking http-body v0.1.0
[INFO] [stderr]     Checking h2 v0.1.24
[INFO] [stderr]    Compiling synstructure v0.10.2
[INFO] [stderr]    Compiling serde_derive v1.0.93
[INFO] [stderr]    Compiling failure_derive v0.1.5
[INFO] [stderr]     Checking hyper v0.12.30
[INFO] [stderr]     Checking failure v0.1.5
[INFO] [stderr]     Checking hyper-tls v0.3.2
[INFO] [stderr]     Checking serde_json v1.0.40
[INFO] [stderr]     Checking serde_urlencoded v0.5.5
[INFO] [stderr]     Checking toml v0.4.10
[INFO] [stderr]     Checking serde_yaml v0.8.9
[INFO] [stderr]     Checking rust_decimal v1.0.1
[INFO] [stderr]     Checking human-panic v1.0.1
[INFO] [stderr]     Checking cookie_store v0.7.0
[INFO] [stderr]     Checking reqwest v0.9.18
[INFO] [stderr]     Checking select v0.4.2
[INFO] [stderr]     Checking flathunter-rs v0.1.0 (/opt/rustwide/workdir)
[INFO] [stdout] error[E0554]: `#![feature]` may not be used on the beta release channel
[INFO] [stdout]  --> src/main.rs:1:1
[INFO] [stdout]   |
[INFO] [stdout] 1 | #![feature(try_trait)]
[INFO] [stdout]   | ^^^^^^^^^^^^^^^^^^^^^^
[INFO] [stdout] 
[INFO] [stdout] 
[INFO] [stdout] error[E0554]: `#![feature]` may not be used on the beta release channel
[INFO] [stdout]  --> src/main.rs:2:1
[INFO] [stdout]   |
[INFO] [stdout] 2 | #![feature(generator_trait)]
[INFO] [stdout]   | ^^^^^^^^^^^^^^^^^^^^^^^^^^^^
[INFO] [stdout] 
[INFO] [stdout] 
[INFO] [stdout] error[E0554]: `#![feature]` may not be used on the beta release channel
[INFO] [stdout]  --> src/main.rs:1:1
[INFO] [stdout]   |
[INFO] [stdout] 1 | #![feature(try_trait)]
[INFO] [stdout]   | ^^^^^^^^^^^^^^^^^^^^^^
[INFO] [stdout] 
[INFO] [stdout] 
[INFO] [stdout] error[E0554]: `#![feature]` may not be used on the beta release channel
[INFO] [stdout]  --> src/main.rs:2:1
[INFO] [stdout]   |
[INFO] [stdout] 2 | #![feature(generator_trait)]
[INFO] [stdout]   | ^^^^^^^^^^^^^^^^^^^^^^^^^^^^
[INFO] [stdout] 
[INFO] [stdout] 
[INFO] [stdout] warning: use of deprecated item 'std::error::Error::description': use the Display impl or to_string()
[INFO] [stdout]   --> src/errors.rs:28:1
[INFO] [stdout]    |
[INFO] [stdout] 28 | / error_chain! {
[INFO] [stdout] 29 | |     // The type defined for this error. These are the conventional
[INFO] [stdout] 30 | |     // and recommended names, but they can be arbitrarily chosen.
[INFO] [stdout] 31 | |     //
[INFO] [stdout] ...  |
[INFO] [stdout] 93 | |     }
[INFO] [stdout] 94 | | }
[INFO] [stdout]    | |_^
[INFO] [stdout]    |
[INFO] [stdout]    = note: `#[warn(deprecated)]` on by default
[INFO] [stdout]    = note: this warning originates in a macro (in Nightly builds, run with -Z macro-backtrace for more info)
[INFO] [stdout] 
[INFO] [stdout] 
[INFO] [stdout] warning: use of deprecated item 'std::error::Error::description': use the Display impl or to_string()
[INFO] [stdout]   --> src/errors.rs:28:1
[INFO] [stdout]    |
[INFO] [stdout] 28 | / error_chain! {
[INFO] [stdout] 29 | |     // The type defined for this error. These are the conventional
[INFO] [stdout] 30 | |     // and recommended names, but they can be arbitrarily chosen.
[INFO] [stdout] 31 | |     //
[INFO] [stdout] ...  |
[INFO] [stdout] 93 | |     }
[INFO] [stdout] 94 | | }
[INFO] [stdout]    | |_^
[INFO] [stdout]    |
[INFO] [stdout]    = note: this warning originates in a macro (in Nightly builds, run with -Z macro-backtrace for more info)
[INFO] [stdout] 
[INFO] [stdout] 
[INFO] [stdout] warning: use of deprecated item 'std::error::Error::description': use the Display impl or to_string()
[INFO] [stdout]   --> src/errors.rs:28:1
[INFO] [stdout]    |
[INFO] [stdout] 28 | / error_chain! {
[INFO] [stdout] 29 | |     // The type defined for this error. These are the conventional
[INFO] [stdout] 30 | |     // and recommended names, but they can be arbitrarily chosen.
[INFO] [stdout] 31 | |     //
[INFO] [stdout] ...  |
[INFO] [stdout] 93 | |     }
[INFO] [stdout] 94 | | }
[INFO] [stdout]    | |_^
[INFO] [stdout]    |
[INFO] [stdout]    = note: `#[warn(deprecated)]` on by default
[INFO] [stdout]    = note: this warning originates in a macro (in Nightly builds, run with -Z macro-backtrace for more info)
[INFO] [stdout] 
[INFO] [stdout] 
[INFO] [stdout] warning: use of deprecated item 'std::error::Error::description': use the Display impl or to_string()
[INFO] [stdout]   --> src/errors.rs:28:1
[INFO] [stdout]    |
[INFO] [stdout] 28 | / error_chain! {
[INFO] [stdout] 29 | |     // The type defined for this error. These are the conventional
[INFO] [stdout] 30 | |     // and recommended names, but they can be arbitrarily chosen.
[INFO] [stdout] 31 | |     //
[INFO] [stdout] ...  |
[INFO] [stdout] 93 | |     }
[INFO] [stdout] 94 | | }
[INFO] [stdout]    | |_^
[INFO] [stdout]    |
[INFO] [stdout]    = note: this warning originates in a macro (in Nightly builds, run with -Z macro-backtrace for more info)
[INFO] [stdout] 
[INFO] [stdout] 
[INFO] [stdout] warning: use of deprecated item 'std::error::Error::description': use the Display impl or to_string()
[INFO] [stdout]   --> src/notifiers/mod.rs:26:66
[INFO] [stdout]    |
[INFO] [stdout] 26 |     self.post_message(cfg, &format!("Error in Flathunter: {}", e.description()))?;
[INFO] [stdout]    |                                                                  ^^^^^^^^^^^
[INFO] [stdout] 
[INFO] [stdout] 
[INFO] [stdout] warning: use of deprecated item 'std::error::Error::description': use the Display impl or to_string()
[INFO] [stdout]   --> src/notifiers/mod.rs:26:66
[INFO] [stdout]    |
[INFO] [stdout] 26 |     self.post_message(cfg, &format!("Error in Flathunter: {}", e.description()))?;
[INFO] [stdout]    |                                                                  ^^^^^^^^^^^
[INFO] [stdout] 
[INFO] [stdout] 
[INFO] [stdout] error: aborting due to 2 previous errors; 3 warnings emitted
[INFO] [stdout] 
[INFO] [stdout] 
[INFO] [stdout] For more information about this error, try `rustc --explain E0554`.
[INFO] [stdout] 
[INFO] [stderr] error: could not compile `flathunter-rs`.
[INFO] [stderr] 
[INFO] [stderr] To learn more, run the command again with --verbose.
[INFO] [stderr] warning: build failed, waiting for other jobs to finish...
[INFO] [stdout] error: aborting due to 2 previous errors; 3 warnings emitted
[INFO] [stdout] 
[INFO] [stdout] 
[INFO] [stdout] For more information about this error, try `rustc --explain E0554`.
[INFO] [stdout] 
[INFO] [stderr] error: build failed
[INFO] running `Command { std: "docker" "inspect" "6e97c52f57960a10844bfeadc46ab972e51a0507390cef32897fe060c0f9c716", kill_on_drop: false }`
[INFO] running `Command { std: "docker" "rm" "-f" "6e97c52f57960a10844bfeadc46ab972e51a0507390cef32897fe060c0f9c716", kill_on_drop: false }`
[INFO] [stdout] 6e97c52f57960a10844bfeadc46ab972e51a0507390cef32897fe060c0f9c716
